40 + 130340?
130000
In base 5, what is -240031 + 1241?
-233240
In base 4, what is -2 + -11110332?
-11111000
In base 2, what is 110010110 + 110011011?
1100110001
In base 15, what is -6 - -13b?
135
In base 15, what is -34 - 621?
-655
In base 4, what is -11 + -12320113?
-12320130
In base 7, what is 10 + 4622?
4632
In base 8, what is -370511 + -5?
-370516
In base 10, what is 5 + 8572?
8577
In base 15, what is -1009 - 3?
-100c
In base 5, what is -432332 - 1?
-432333
In base 10, what is -10765 + 1?
-10764
In base 11, what is a60245 - -2?
a60247
In base 12, what is 5 - -182aa6?
182aab
In base 11, what is 13792 + 15?
137a7
In base 11, what is 2587458 - -5?
2587462
In base 14, what is 0 + 1a6bd?
1a6bd
In base 10, what is 597458 + 1?
597459
In base 5, what is -4011 + -30410?
-34421
In base 16, what is a9b2 - 3a?
a978
In base 3, what is 2011020 + -2102?
2001211
In base 5, what is -10 - 440240101?
-440240111
In base 11, what is -463 - -156?
-308
In base 12, what is -4 + 901a9?
901a5
In base 14, what is -3b7 + 780?
3a7
In base 15, what is -bed + 0?
-bed
In base 3, what is -1210 + 2110212122?
2110210212
In base 6, what is 3541240 + 10?
3541250
In base 8, what is -5 + 732?
725
In base 3, what is -2100 + 111000022?
110220222
In base 11, what is 0 - 7a18?
-7a18
In base 11, what is 12 - -61a1?
6203
In base 16, what is 227e + 4?
2282
In base 14, what is -dd37 + 2?
-dd35
In base 10, what is -40385 - -5?
-40380
In base 15, what is a621 - 2?
a61e
In base 5, what is 40102 + -13?
40034
In base 15, what is 1456e5 + 0?
1456e5
In base 6, what is -123415 + -132?
-123551
In base 5, what is -3 + -23023311?
-23023314
In base 6, what is -2 - -1143152?
1143150
In base 8, what is 367 + -102?
265
In base 16, what is -11aff + e?
-11af1
In base 6, what is -304305 - -4?
-304301
In base 9, what is 2128657 + 5?
2128663
In base 4, what is 2211003221 - -1?
2211003222
In base 12, what is -51 - -7a5b?
7a0a
In base 12, what is 109 + -1a?
ab
In base 9, what is 3513 - 542?
2861
In base 12, what is -5 - 41593?
-41598
In base 6, what is 4 + -410155?
-410151
In base 12, what is 3 + -79725?
-79722
In base 8, what is -4 + 272620?
272614
In base 10, what is 1030 - -896?
1926
In base 10, what is 18281 + -5?
18276
In base 15, what is 5 - 10985e?
-109859
In base 15, what is -b55 - 7d?
-bd3
In base 4, what is 30123333 + 10?
30130003
In base 5, what is 1402 + 13031?
14433
In base 5, what is -120 - 13021?
-13141
In base 14, what is 45d + -a2?
39b
In base 12, what is 9aaa + 37?
9b25
In base 10, what is -397 - -172?
-225
In base 12, what is -139 - -449?
310
In base 3, what is 110 + 10021101?
10021211
In base 11, what is 15851 + 4?
15855
In base 11, what is -a849 + -14?
-a862
In base 4, what is -22 - 1132130?
-1132212
In base 14, what is 3 - -740a9?
740ac
In base 16, what is -1 + -144ca?
-144cb
In base 3, what is 11200210 - 20?
11200120
In base 14, what is 4 + -9b13?
-9b0d
In base 8, what is -262 - 5017?
-5301
In base 6, what is 120 - -3113?
3233
In base 3, what is -21000122012 + -200?
-21000122212
In base 16, what is -1 - -94be7?
94be6
In base 11, what is 9390 - 1?
938a
In base 3, what is 1212 + 2011020?
2020002
In base 11, what is 46 - -290?
326
In base 6, what is 3 + -14542553?
-14542550
In base 2, what is 10101001 + 1101011?
100010100
In base 7, what is -164 - 1526?
-2023
In base 14, what is 156 - -67bd?
6935
In base 12, what is -272 - -258?
-16
In base 7, what is 110655 + -5?
110650
In base 8, what is 214 + -522?
-306
In base 2, what is 0 - -10010111011?
10010111011
In base 8, what is -6460 + -26?
-6506
In base 16, what is 2 + 19ba?
19bc
In base 6, what is -3052 + 31003?
23511
In base 6, what is 12 - -213232?
213244
In base 4, what is -3220121 - 122?
-3220303
In base 16, what is 1 - 7e4c?
-7e4b
In base 8, what is 2 + -511261?
-511257
In base 9, what is 6615 + 10?
6625
In base 2, what is -1001111010 - -10001?
-1001101001
In base 7, what is 11630 + 3?
11633
In base 12, what is -a90a - 10b?
-aa19
In base 3, what is -100102 + -100102202?
-100210011
In base 10, what is 2642 - 66?
2576
In base 11, what is -18403 - 2?
-18405
In base 2, what is -1001000001111 - -11001?
-1000111110110
In base 7, what is -353321 + -3?
-353324
In base 5, what is 20 + -1010434?
-1010414
In base 16, what is -105c + 178?
-ee4
In base 12, what is 154 + -3a3b?
-38a7
In base 2, what is 11000011010 + 11011100101?
110011111111
In base 6, what is 34141100 - 0?
34141100
In base 11, what is -4453 - 27?
-447a
In base 8, what is 0 + 64733?
64733
In base 10, what is 1677 - -2?
1679
In base 7, what is 5 - 16153?
-16145
In base 7, what is -3644 - 22?
-3666
In base 11, what is 133260 + 4?
133264
In base 7, what is 5062451 + 1?
5062452
In base 6, what is -3 - 1110455?
-1110502
In base 4, what is 2011 + 1202?
3213
In base 9, what is 4 + 16702?
16706
In base 7, what is 203 - -411?
614
In base 12, what is -435 + -59?
-492
In base 2, what is 111010001110100100 + -101?
111010001110011111
In base 5, what is -43442 + -33?
-44030
In base 14, what is -c7 + 4?
-c3
In base 15, what is -9 + -236?
-240
In base 13, what is -411cc + -21?
-41220
In base 9, what is -1006145 + 5?
-1006140
In base 9, what is 11115 + 8?
11124
In base 8, what is 465 + 1513?
2200
In base 3, what is 220221 + 11010?
1002001
In base 15, what is 20 + -900d?
-8edd
In base 15, what is 19 + -165?
-14b
In base 12, what is 3 - -44a4?
44a7
In base 12, what is -627843 + -4?
-627847
In base 9, what is 527 - -160?
687
In base 16, what is -35 - -48?
13
In base 4, what is 21 + 201110203?
201110230
In base 9, what is -47 - 10678?
-10736
In base 14, what is -3 - 4ac1?
-4ac4
In base 11, what is -5575 - -53?
-5522
In base 8, what is -41441 + 110?
-41331
In base 4, what is -1212231 - 1010?
-1213301
In base 9, what is -202 + -212?
-414
In base 5, what is -21213 + -1101?
-22314
In base 9, what is -68 + -34315?
-34384
In base 14, what is -10 + -5aa1?
-5ab1
In base 14, what is -9113 + 14?
-90dd
In base 9, what is -384 - 644?
-1138
In base 15, what is 110 + 1d6?
2e6
In base 9, what is 41 - -2103?
2144
In base 5, what is -42 - -11104?
11012
In base 14, what is 138 - 21?
117
In base 16, what is b + d7d?
d88
In base 5, what is -4 - -111240434?
111240430
In base 13, what is 7561 + 24?
7585
In base 15, what is 2371 + 0?
2371
In base 13, what is 10 - 7b2?
-7a2
In base 5, what is -10222411 - 0?
-10222411
In base 8, what is 2470 + -3?
2465
In base 14, what is 14 - -b6ad?
b6c3
In base 14, what is 8 - 2137?
-212d
In base 10, what is -1 - 5975?
-5976
In base 10, what is 560 + 1401?
1961
In base 4, what is -2112 + -1211313?
-1220031
In base 3, what is 20100021202 - 1?
20100021201
In base 6, what is 52354 + -2345?
50005
In base 6, what is 3 + 15235002?
15235005
In base 2, what is 1100100101 - 1101?
1100011000
In base 16, what is -2 + 8650?
864e
In base 3, what is -22000121 - -22?
-22000022
In base 2, what is 101100100001 + -11?
101100011110
In base 9, what is -123163 - 28?
-123202
In base 9, what is 408168 + 13?
408182
In base 15, what is -59 + 40e2?
4088
In base 2, what is 11010100011101 - 100?
11010100011001
In base 15, what is 170 - -1?
171
In base 12, what is 68 + -1b1?
-145
In base 10, what is -34645 - 41?
-34686
In base 6, what is -111515 - -4?
-111511
In base 13, what is -180cb0 + -5?
-180cb5
In base 2, what is -10101000 + 111010001?
100101001
In base 12, what is 4 + -3750?
-3748
In base 3, what is -11111 - -1121120?
1110002
In base 2, what is 10010110101 - 11110?
10010010111
In base 14, what is -1 - b0ba7?
-b0ba8
In base 5, what is 121032 + -30?
121002
In base 7, what is -33 - 62641?
-63004
In base 15, what is 3 - 4d83?
-4d80
In base 3, what is 12 + -102122010202?
-102122010120
In base 3, what is 1101102222 + 20?
1101110012
In base 6, what is 4 + -5322113?
-5322105
In base 10, what is -395 - 1905?
-2300
In base 9, what is 5 + -4345?
-4340
In base 2, what is 1110100111110 - -110111?
1110101110101
In base 6, what is 32313 + 4?
32321
In base 13, what is 95 - a14?
-94c
In base 13, what is -1a - 25?
-42
In base 7, what is -10655 + 1511?
-6144
In base 13, what is 222 + 4b01?
5023
In base 11, what is -740a - -43?
-7377
In base 8, what is -5 - 33551?
-33556
In base 6, what is 1024 - 111?
513
In base 12, what is a6816 + 5?
a681b
In base 10, what is 348 + -2160?
-1812
In base 5, what is 22211231 + 0?
22211231
In base